What are the prime factors of k?
3, 7
Let m(s) = -6*s + 17. Let y be m(-22). Suppose -2*x - y = -2*g - g, -x = -3*g + 145. What are the prime factors of g?
47
Suppose -111*i - 102333 + 518472 = 0. What are the prime factors of i?
23, 163
Let y(j) = -j**2 + 7*j - 3. Let h be (-4 - -2)*(-5)/2. Let d be y(h). Suppose d*f = 26 + 16. List the prime factors of f.
2, 3
What are the prime factors of (47 + -1)/((-78)/(-4953))?
23, 127
Let d be (-2)/5 + (-256)/(-40). Suppose d + 2 = 4*z. Suppose -z*b = 2*x - 74, -x + 4*b = 21 - 78. List the prime factors of x.
41
Let t = 3 - 13. Suppose 0 = -b + 2*b - 15. List the prime factors of t/4*(-114)/b.
19
Suppose -5*t = -5*f + 610, t = 2*f - 153 - 91. Suppose i + i = f. What are the prime factors of i?
61
Suppose 9 = 9*p - 6*p. Suppose -s - 8 = -5*k, k = -4*s + p*k + 22. Suppose -2*g = -s - 57. What are the prime factors of g?
2
Suppose -4*a + 211 - 71 = 0. List the prime factors of a.
5, 7
Suppose -21*w + 25*w - 96 = 0. Suppose 5*m = -w - 16. Let v = m + 22. What are the prime factors of v?
2, 7
Let q(u) = 78*u**3 - 4*u**2 + 3*u + 3. List the prime factors of q(2).
617
Let q = 35 - 0. Suppose -8*c + q = -c. List the prime factors of c.
5
Let x be (12/15)/((-8)/(-260)). Let b = 157 - x. What are the prime factors of b?
131
Let r = -1 + 4. Suppose 0 = 5*v - h - 183, -2*h = -r*v + 2*h + 103. Suppose 0 = -5*x - 20, 2*u - 3*x - v = u. List the prime factors of u.
5
Suppose 0 = 2*m + 3*s, 3*m - 2*s = 5 + 8. Suppose 4*b + 2*n - 6 = 0, -m*n = 5*b - 7*n - 27. Suppose -4*z = -b*z - 4. List the prime factors of z.
2
Suppose -5*p - 35 = -5*z, -3*p + 7 = z - 2*p. Let b(t) = t**3 - 7*t**2 + 4*t - 3. List the prime factors of b(z).
5
List the prime factors of (361 - (2 - 8/4))*1.
19
Suppose -c = -0*c - 2. Let g be (c - 0/(-3)) + 2. Suppose g*o - 85 = s, -s = o + s - 19. What are the prime factors of o?
3, 7
Let b be (-84)/(1*((-15)/6 + 2)). Suppose 35*y = 31*y + b. What are the prime factors of y?
2, 3, 7
Suppose -8*s = -2134 - 1170. What are the prime factors of s?
7, 59
Let g(m) = -3*m**3 - 3*m**2 + 3*m + 2. Let d(q) = -q**2 + 7*q - 1. Let b be d(6). Suppose -b*p + p - 12 = 0. List the prime factors of g(p).
47
Let z = -64 - -89. Let m = 155 + z. What are the prime factors of m?
2, 3, 5
Let c be -1 - (1 - 2 - 87). Let a = 131 - c. List the prime factors of 8/a - (-753)/33.
23
Suppose 4*z - 6214 = -2*y, -6241 = -2*y - 66*z + 71*z. What are the prime factors of y?
11, 283
Let x be (-18)/5*130/52. Let g(b) = -16*b - 29. List the prime factors of g(x).
5, 23
Let q be ((-230)/15)/(4/(-18)). Suppose -3*j = 4*x - 192, j = -0*j - 3*x + q. List the prime factors of j.
2, 3, 5
Let m(d) = 20*d - 2. Suppose 0 = 7*t - 21 - 0. What are the prime factors of m(t)?
2, 29
Let o(q) = 114*q - 92. What are the prime factors of o(5)?
2, 239
Let k = 5542 + -2917. What are the prime factors of k?
3, 5, 7
Let q = 27 - 27. Let v(t) = -t**3 - 2*t**2 + 26. Let y be v(q). Let w = -16 + y. List the prime factors of w.
2, 5
Let q(l) = -2*l + 10. Let n be q(5). Suppose 2*j - 50 = 2*k + 100, n = -4*k - 4*j - 308. Let o = k + 107. What are the prime factors of o?
31
Suppose -8*q + 543 = -217. List the prime factors of q.
5, 19
Let f = 163 + -61. Suppose f = 34*w - 32*w. What are the prime factors of w?
3, 17
Let t(j) = 59 - 1 + 7*j - 10 + 4*j. What are the prime factors of t(12)?
2, 3, 5
Let i = 11 + -14. Let w(z) = z**2 + 3*z. Let k be w(i). Suppose -s + 53 = -k. List the prime factors of s.
53
Let z = -29 - -26. Let v be (-3)/(2/(42/z)). Let r = v - 11. List the prime factors of r.
2, 5
Let r be (-4 - -8) + (-2 - 0). Suppose 2*f - 30 = -4*m, -r*m + 25 = 2*m + f. Suppose 0*l - 4*b - 200 = -3*l, b + 322 = m*l. List the prime factors of l.
2
Let v = 60 - 33. Suppose 4*s - v = 3*f - 127, 5*s - 27 = -f. Suppose f = 5*g - 78. List the prime factors of g.
2, 11
Suppose -11*j = -19257 - 6164. List the prime factors of j.
2311
Let u(z) = -6*z + 36. Let s be u(6). Suppose s = 8*o - 284 - 92. List the prime factors of o.
47
Suppose -3*n = -x - 42, 0*n + 5*n - 3*x = 70. Let f(p) = p**3 - 12*p**2 - 19*p + 18. List the prime factors of f(n).
2, 3
Let p(j) = -j**3 - 15*j**2 + 15*j + 35. What are the prime factors of p(-17)?
2, 179
Let n be 3 + (0 - (-6)/3). Suppose -n*p - l = -4*l - 399, -141 = -2*p - 5*l. What are the prime factors of p?
2, 3, 13
Let n(s) = s**2 - 10*s - 35. Let v be n(14). Let t(b) = -b**2 + 32*b - 6. What are the prime factors of t(v)?
3, 5
Let z(q) = -5*q - 3. Suppose 3*x = -x + 4*b + 32, 2*b = -10. Suppose x*d = -29 + 11. What are the prime factors of z(d)?
3
List the prime factors of (-1439 + (-25)/(-5))*2/(-3).
2, 239
Let m(l) = l**2 - 29*l + 124. List the prime factors of m(26).
2, 23
Suppose 0*p + p = 3*v - 1, -p = -2*v - 1. Suppose 2*h = -v*h + 216. List the prime factors of h.
2, 3
Let k(m) be the second derivative of -m**5/20 + m**4/3 + 2*m**3/3 - 5*m**2/2 + 2*m. Let s be k(5). What are the prime factors of 7/(-35) + (-262)/s?
2, 13
Let l(i) = 66*i - 13. List the prime factors of l(7).
449
Suppose 0*x = 3*x - 9, 0 = 4*q - 3*x + 41. Let h(s) = s**2 + 7*s - 6. Let v be h(q). Suppose -v*c + 4 = -88. What are the prime factors of c?
2, 23
Suppose -3*u - 4*f = -425, 4*u - f = f + 552. Suppose 3*s - u = z, -5*s = -4*z - 298 + 71. Let b = -30 + s. List the prime factors of b.
17
Let y = 352 + -265. List the prime factors of y.
3, 29
Suppose 16*u = 7689 - 1609. What are the prime factors of u?
2, 5, 19
Let y(p) = 3*p - 10. Suppose -h + 1 = 0, 5 + 3 = q + 3*h. Let g be y(q). Suppose l - 186 = -g*l. What are the prime factors of l?
31
Let r = 81 + -17. Let h = 108 - r. List the prime factors of h.
2, 11
What are the prime factors of 6/(-9) + 0 + (-2931)/(-9)?
5, 13
Let x(g) = 2*g**2 + 3*g - 4. Let r be x(-3). Suppose r*z - 899 = -j, 0 = -5*j + 2*j + 12. Let t = z - 103. List the prime factors of t.
2, 19
Let i(h) = 1. Let x be 4 + (-4 - -3)*1. Let b(s) = 2*s + 5. Let t(c) = x*i(c) + b(c). What are the prime factors of t(6)?
2, 5
Let r be 4/(-12) - (2 + (-22)/(-6)). Let w(u) = -8 + 0*u**2 - u**2 - 4*u - 10*u. List the prime factors of w(r).
2, 5
Let q(s) = s - 2. Let v be q(4). Let a = -344 - -348. Suppose -v*x - 32 = -a*x. List the prime factors of x.
2
Let n = -3 + -5. Let w be (-42)/n - (-3)/(-12). Suppose w = x - 4. What are the prime factors of x?
3
Suppose 4*c - 6*c = v - 1594, 2*v = 4*c + 3196. List the prime factors of v.
2, 3, 7, 19
Let u(g) = -g**2 + 7*g - 6. Let j be u(6). Let y be (-2 + 5 - j) + 0. Suppose -36 = -7*n + y*n - 2*t, -4*n = -2*t - 36. List the prime factors of n.
3
Let u = 42 - 26. Suppose 4*y - 5*y = -u. List the prime factors of -9*(y/(-4) - 0).
2, 3
Suppose 0 = -b - 1 - 4. Suppose -4*o + 5*d + 56 = 0, 0 = -o - 2*o - 4*d + 11. Let l = b + o. List the prime factors of l.
2
Suppose -5*r - 4*q = -4730, 0 = -3*q + 3 - 18. List the prime factors of r.
2, 5, 19
Let y(s) = s**3 + 22*s**2 + 56*s - 9. List the prime factors of y(-17).
2, 11
Let i(g) = 748*g + 536. List the prime factors of i(4).
2, 3, 7
Let p(c) = 353*c**3 - 7*c**2 - 7*c + 16. What are the prime factors of p(2)?
2, 1399
Let m be ((-104)/6)/4*-3. Let q be m/(-3 + (-76)/(-24)). Suppose -q = 4*i - 7*i. What are the prime factors of i?
2, 13
Suppose -3*k + 898 = -1490. List the prime factors of k.
2, 199
Suppose 0 = -2*l - c + 2636 + 61, 2*l - 2712 = 4*c. What are the prime factors of l?
2, 3, 5
Suppose -2*k - 4 = -5*i, i - 3*k = -4*k - 2. Let g = 0 + 2. Suppose i = -g*t + 3*t - 10. What are the prime factors of t?
2, 5
What are the prime factors of (766/8)/(49/784)?
2, 383
Let u(q) = -q. Let l be u(0). Suppose l = -3*n + 5 + 4. Suppose -g + 3 = 0, -5*x + 45 + n = g. What are the prime factors of x?
3
Let k(n) = -n**3 + 34*n**2 + 34*n - 77. List the prime factors of k(32).
7, 19, 23
Let c = 412 - 375. List the prime factors of c.
37
Suppose -35*z - v = -39*z + 5306, -3*z + 2*v = -3977. List the prime factors of z.
1327
Let t(o) be the first derivative of o**4/4 - 4*o**3/3 + o**2/2 - 2*o - 6. Let d be t(3). What are the prime factors of (d/(-3))/((-5)/(-15))?
2
Suppose 3253 = 10*v - 1257. List the prime factors of v.
11, 41
Let b(a) = -a**3 + 14*a**2 + 18*a - 101. What are the prime factors of b(12)?
13, 31
List the prime factors of 3538/10 - 162/(-135).
5, 71
Suppos